 q = 736 - y. What is the tens digit of q?
5
Suppose 42 = j - g - 9, -j - 3*g = -43. Let t(z) = -14*z + 52 - 104 + j + 127*z. What is the tens digit of t(1)?
1
Suppose 2*a + 0*g - 8476 = 4*g, -2*a + 8484 = 4*g. What is the units digit of a?
0
Suppose 121*t + 3555763 - 4440962 = 5837803. What is the units digit of t?
2
Suppose -857*a + 867*a - 159060 = 0. What is the thousands digit of a?
5
Suppose 3*n - 5635 - 6437 = 3*c, 4*n - 2*c - 16108 = 0. What is the hundreds digit of n?
0
Let s(u) = 2*u**2 + u - 24. Let y be s(0). What is the tens digit of (3/1)/(((-38)/y)/19)?
3
Let a be 1*(258 - 1) - (-5 + 4). What is the units digit of (a - 5 - -5)/((-4)/(-6))?
7
Let v(u) = -10*u**3 + u**2 - 4*u - 2. Let z be v(-3). Suppose 0 = x + 2*j + 43, 5*x + j = 65 - z. What is the units digit of (x/(-60))/(1/4)?
3
Let w = 3166 + -3166. Let m(j) = 54 + 5*j**3 + 136 - j**2 - 4*j**3 - j. What is the units digit of m(w)?
0
Let c(m) = 317*m**3 + 3*m**2 + 16*m - 39. What is the hundreds digit of c(3)?
5
Let q = 16651 + -8723. What is the units digit of q?
8
Suppose 0 = -3*t + 5*t - 5*d + 63, d - 75 = 2*t. Let m = 39 + t. Suppose -u - 3*w + 4*w = -52, -5*u + 4*w + 265 = m. What is the tens digit of u?
5
Suppose -3*j = 4*a + 6109 - 31364, -5*j + a = -42061. Suppose 2365 - j = -8*v. What is the tens digit of v?
5
Let w(i) = -i**3 - 7*i**2 - i - 5. Let a be (4/22 - 9/(-11))*-7. Let s be w(a). What is the tens digit of ((-92)/6)/(8/(-3) + s)?
2
Let y(o) = -o**3 - 54*o**2 + 295*o - 5. Let r be y(-59). Let j(n) be the second derivative of n**4/12 - n**3/3 - 5*n**2 + n. What is the tens digit of j(r)?
2
Let k = 948 - 31. Suppose -2*o = 5*j - k, 7*j + 1848 = 4*o + 3*j. What is the tens digit of o?
6
Suppose k = 4*q + 2, 10 = 6*q - 2*q + 5*k. Suppose 4*y - 2*v - 390 = q, -3*y + v + 315 = 4*v. What is the tens digit of ((-2)/(-4))/(((-22)/y)/(-11))?
2
Let r(d) = d**3 - 3*d**2 + 4*d - 5. Let p be r(6). Let z(v) = -162*v**3 + 4*v**2 + 4*v + 1. Let n be z(-1). Let j = n - p. What is the tens digit of j?
3
Let f(g) = -1237*g + 663. What is the thousands digit of f(-12)?
5
Suppose 28 - 14 = 7*p. Suppose 0 = -5*l + p*l + 501. What is the tens digit of l?
6
Suppose 3*i - 4*x - x = 17, 0 = 2*i + 2*x - 6. Let n(d) = -2 + i*d - 1 - d**3 - 9*d**2 + 18 + 6. What is the units digit of n(-10)?
1
What is the units digit of 6/(-33)*(-2521805)/10?
1
Let h be (-1092)/(-60) - (-1)/10*-2. Suppose h*x - 40918 = -23*x. What is the hundreds digit of x?
9
Let i be (45 - -1)*3*1. Suppose 16*m + 5047 = 13735. Suppose 5*r - m = -i. What is the tens digit of r?
8
Suppose 0 = -1408*r + 1358*r + 2125650. What is the thousands digit of r?
2
Let a be 1/((-1 - -2) + 10/(-15)). Suppose -2*p = 4*b + 4, a*p + 0*p + 22 = 2*b. What is the tens digit of ((-20)/p)/(6/((-198)/(-1)))?
1
Suppose -16 = -2*u - 12. Suppose 0 = 3*p + 5*o - 301, 4*p - 204 = u*p - 4*o. What is the tens digit of p?
9
What is the tens digit of 3267 + 15 + 348/(-12)?
5
Let a(g) = -13*g**3 - g**2 - 4*g - 5. Let r be a(-3). Suppose 3*z - 1462 + r = 0. What is the tens digit of z?
7
Suppose 2*z + 8*z - 72194 = -154. What is the tens digit of z?
0
Suppose 33*z - 51009 = -25303 + 216712. What is the units digit of z?
6
Suppose 9*x + 12 = 13*x. Suppose 0 = o - x, -547 - 2756 = -3*n - o. What is the units digit of n?
0
Let u(g) = g**2 + 37*g - 84. Let f be u(-28). Let t = 506 + f. What is the hundreds digit of t?
1
Let l(v) = 168*v**3 + 22*v**2 + 11*v - 74. What is the units digit of l(4)?
4
Suppose -51*u + 9828 = -210553 - 272534. What is the thousands digit of u?
9
Suppose -20 = o - 5*o. Suppose 3*y - v = -321, -o*y + 4*v = v + 535. Let r = y + 176. What is the units digit of r?
9
Let u = -288 - -1232. Let g = u - 674. What is the units digit of g?
0
What is the thousands digit of ((-34)/(-102))/(((-2)/(-50106))/1)?
8
Let k(i) = -i - 6. Suppose 2*d = 4, 3*c + 30 = -2*c - 5*d. What is the units digit of k(c)?
2
Let w = -1868 - -7490. What is the units digit of w?
2
Let f(v) = -46 + 14 - 11*v + 16. Let r be f(-4). Let p = -24 + r. What is the units digit of p?
4
What is the units digit of (-6)/135 - 1681032/(-270)?
6
Let j be -1*7 + 21 + -20. Let i(d) = -d**3 - 4*d**2 + 12*d - 1. Let o be i(j). Let y(v) = -19*v - 3. What is the tens digit of y(o)?
1
Let b = 170 + -176. Let v(r) = -106*r + 11. What is the hundreds digit of v(b)?
6
Let f(j) = 34*j**2 + 125*j - 563. What is the thousands digit of f(-27)?
0
Let b(u) = -2602*u + 55678. What is the ten thousands digit of b(0)?
5
Suppose -21*l = 30*l - 80*l + 809941. What is the hundreds digit of l?
9
Let l = -9 + 11. Suppose -l = x - 3. What is the tens digit of (2 - -58)*x + (-24)/(-12)?
6
Suppose -5*k = l - 43291, -l = k - 2666 - 5989. What is the tens digit of k?
5
Let s(v) = 308*v**2 + 186*v + 1. What is the tens digit of s(11)?
1
Suppose -147 = 17*p - 742. Suppose 1574 = -33*g + p*g. What is the units digit of g?
7
Let p = -12 - -17. Let j(c) = -c**3 + 5*c**2 + 9*c. Let a be j(p). Let d = a + 95. What is the tens digit of d?
4
Let p(w) = -w**3 - 7*w. Let k be p(-6). Let m be ((10/(-7))/(-2))/(1/7). Suppose -k = -4*l + 2*x, -x - m = -2. What is the units digit of l?
3
Let u(p) = 20 - 23*p**2 + 14*p**3 - 15*p**3 - 17*p + 5*p**2. Let q be u(-17). Suppose q*d - 24*d = -408. What is the tens digit of d?
0
Let a = 25 + -20. Let z(c) = -c**3 - a*c - 11*c**2 + 6*c**2 + 2*c**3 - 14 - 4*c**3. What is the hundreds digit of z(-4)?
1
Let h(v) = v**3 - v**2 - 5. Let z(g) = 14*g**2 - 15*g**2 - 2*g + 7*g. Let p be z(4). What is the tens digit of h(p)?
4
Suppose 0 = 4*g - 9 + 1. Suppose 0 = -4*k + 3*i - 8*i + 1723, 0 = -k + g*i + 447. What is the tens digit of k?
3
Let d(t) = 301*t**2 + 72*t - 865. What is the thousands digit of d(15)?
7
Let r be (4/(-3))/(6/(-2781)). Suppose -4*z = -530 - r. What is the hundreds digit of z?
2
Let u(m) = -m**3 - 4*m**2 + 23*m + 8. Let h be u(-7). What is the hundreds digit of 1*313*((-9 - h) + 4)?
3
Let x(g) = 5*g**2 - 2*g - 24. Let s be ((-44)/6)/((-14)/(-21)) + 3. What is the hundreds digit of x(s)?
3
Let q = -1251 + -6151. What is the hundreds digit of q/(-6) + (-3 - (-14)/6)?
2
Let i be 6/(-3)*(-3 + 7/2). Let y be i - 2 - 5*(1 - 3). Suppose 2*s + 640 = y*s. What is the tens digit of s?
2
Let s(f) = 3*f - 1. Let w be s(16). Suppose -5*r - 48 = w. Let u = 43 - r. What is the units digit of u?
2
Let s(t) = t**2 - t - 1. Let q(p) = p**3 + 11*p**2 - 6*p + 178. Let g(h) = q(h) - 5*s(h). What is the units digit of g(0)?
3
Let m = -51 + 56. Suppose m*h = 10 - 5. Let g = h + 70. What is the tens digit of g?
7
Suppose -2*j = -3*z + 3*j + 3365, -4*j - 5591 = -5*z. Suppose -23 = 7*r - z. Suppose 341 = 7*k - r. What is the tens digit of k?
7
Let h(b) = -b**2 + 14*b - 18. Suppose 2*x - x = 4*u + 5, 0 = -5*x + 4*u + 41. Let y be h(x). Let n = y + 27. What is the tens digit of n?
5
Let z be 4/18 + (-722)/9. Let o be 4/(((-4)/z)/((-8)/10)). Let m = o - -222. What is the tens digit of m?
5
Suppose 0 = 27*c - 28*c - 395. What is the hundreds digit of (-4)/8 + c/(-2)?
1
Let l(f) = 6*f**2 - 9*f - 24. Let a(n) = -7*n**2 + 8*n + 26. Let t(k) = 5*a(k) + 6*l(k). Let q = 13 - -5. What is the units digit of t(q)?
8
Let c = 23664 - 13612. What is the ten thousands digit of c?
1
Suppose 3*x = -5*w + 66557, 0 = 2*x + 3*w - 6788 - 37582. What is the units digit of x?
9
Suppose 0 = -h - f + 3278, 0 = 4*h - 6*h + 4*f + 6580. What is the thousands digit of h?
3
Suppose 4*y + 5*r = 27, 2*r - 6*r + 21 = 3*y. Suppose -4*d = -9*k + 12*k - 6284, -y*k - 7828 = -5*d. What is the thousands digit of d?
1
Let z = 481 + -310. Let q = z - 54. Suppose 84*h + q = 87*h. What is the tens digit of h?
3
Let p(m) = 2*m + 47. Let h be p(-22). Suppose 4*k + 468 - 4529 = h*q, -q = 5*k - 5081. What is the hundreds digit of k?
0
What is the units digit of 4 - -2 - -8 - -6548?
2
Let s = 25027 - 13282. What is the tens digit of s?
4
What is the units digit of 26294/10 - 9*9/(-135)?
0
Suppose 3*n + 93 = 21. Let p = n + 28. Suppose p*s = 84 + 312. What is the units digit of s?
9
Suppose 42*f = 38*f + 8. Suppose 4 = -f*l + 3*w, -7*l + 4 = -2*l - 4*w. Suppose m = 2*a + 57, -m - l*a = -6*m + 291. What is the tens digit of m?
5
Suppose 28361 = -6*c + 102743. What is the thousands digit of c?
2
Suppose 8*d - 71 + 1199 = 0. Let g = d - -135. W